hest common divisor of 6930 and 201088965?
1155
Calculate the highest common divisor of 58352787 and 6.
3
What is the highest common factor of 35101059 and 294?
21
What is the greatest common divisor of 1526 and 65120524?
1526
Calculate the greatest common factor of 1090220 and 4832.
604
Calculate the greatest common factor of 1227716 and 978.
326
What is the greatest common factor of 6700 and 228236?
4
What is the greatest common divisor of 948 and 156311454?
474
What is the greatest common divisor of 51128 and 13034?
14
What is the highest common divisor of 157141448 and 39976?
2104
What is the greatest common factor of 11720229 and 1686?
843
Calculate the highest common factor of 274169 and 84.
7
Calculate the greatest common divisor of 15620432 and 304.
304
What is the highest common divisor of 6007543 and 73109?
2521
Calculate the highest common factor of 21922901 and 1001.
1001
Calculate the greatest common divisor of 20 and 458836.
4
What is the greatest common divisor of 76426812 and 196836?
4188
What is the highest common factor of 15417664 and 3648?
1216
Calculate the highest common factor of 27 and 30700881.
9
Calculate the greatest common divisor of 312 and 230893.
13
Calculate the highest common factor of 8251 and 50727.
37
What is the highest common factor of 22 and 4278952?
2
Calculate the greatest common factor of 5224121186 and 134.
134
Calculate the highest common divisor of 230409760 and 32.
32
What is the highest common factor of 127840306 and 2890?
578
What is the greatest common factor of 3858198 and 2418?
186
What is the greatest common factor of 1323 and 12296158?
49
Calculate the greatest common divisor of 1482 and 589420.
26
Calculate the highest common factor of 82 and 712359994.
82
Calculate the highest common divisor of 152120 and 75531383.
3803
Calculate the highest common factor of 407834 and 43918.
14
What is the greatest common divisor of 7 and 18903773?
7
What is the greatest common factor of 48294400 and 454300?
7700
What is the highest common divisor of 143959 and 398193?
401
Calculate the highest common factor of 541296 and 213759.
189
Calculate the highest common factor of 44 and 40428443.
11
What is the highest common divisor of 46153948 and 422762?
14578
What is the greatest common factor of 56650 and 568766?
2266
Calculate the greatest common factor of 98940 and 1138780.
1940
Calculate the greatest common divisor of 2820440 and 4312.
392
What is the highest common divisor of 226 and 50786042?
226
Calculate the highest common divisor of 252306 and 1976004.
2358
Calculate the greatest common factor of 167 and 69445447.
167
What is the highest common divisor of 1301064 and 1472?
184
What is the highest common factor of 24826562 and 102?
34
Calculate the greatest common factor of 156 and 20861976.
12
What is the highest common factor of 11832728 and 12638?
178
What is the highest common factor of 7464 and 137768024?
2488
Calculate the greatest common factor of 352 and 378631.
11
Calculate the greatest common factor of 4689 and 179252655.
1563
Calculate the greatest common factor of 4593 and 23007868.
1531
What is the greatest common factor of 80399 and 57755718?
7309
What is the greatest common factor of 67752 and 26647238?
1882
What is the greatest common divisor of 251485 and 1426230?
3445
What is the greatest common divisor of 94677225 and 75?
75
Calculate the highest common divisor of 1996930 and 195.
65
What is the highest common factor of 529352353 and 82?
41
Calculate the highest common divisor of 1984267 and 899.
29
What is the greatest common divisor of 200323 and 72?
1
Calculate the highest common divisor of 659075 and 208225.
25
Calculate the greatest common factor of 4086585 and 735.
15
What is the highest common factor of 2442104 and 72?
8
Calculate the highest common divisor of 530131 and 1383809.
1519
What is the highest common divisor of 377 and 22949654?
13
Calculate the highest common divisor of 4767945 and 1470.
735
Calculate the highest common factor of 5103 and 1613412.
27
What is the highest common divisor of 589 and 4718479?
589
What is the greatest common factor of 112245 and 20265?
105
Calculate the greatest common divisor of 6587352 and 675.
27
What is the greatest common divisor of 12212 and 200433?
71
What is the greatest common divisor of 3926029698 and 18?
18
What is the highest common factor of 4312 and 444476648?
4312
What is the greatest common divisor of 15950 and 169029400?
1450
Calculate the highest common factor of 11242 and 450994.
146
Calculate the greatest common factor of 133733975 and 4126.
2063
What is the highest common factor of 16800 and 1847328?
672
Calculate the highest common factor of 38994 and 1090626.
402
Calculate the highest common factor of 37 and 69594.
1
What is the highest common factor of 5600 and 3345760?
160
What is the greatest common factor of 364 and 48507256?
28
Calculate the highest common factor of 339482 and 5786.
22
What is the highest common divisor of 54 and 9639405?
27
What is the greatest common factor of 154094502 and 72?
6
What is the highest common divisor of 556127 and 32032?
143
What is the greatest common divisor of 7275375 and 84740?
1115
Calculate the highest common divisor of 542038 and 294.
98
Calculate the greatest common factor of 11985988 and 112.
28
Calculate the greatest common divisor of 44105904 and 23739.
579
Calculate the highest common factor of 37672382 and 968.
242
Calculate the highest common factor of 882320 and 53680.
80
What is the highest common divisor of 7932 and 411?
3
Calculate the greatest common divisor of 98984214 and 126.
126
Calculate the highest common factor of 395655 and 1144.
13
What is the greatest common divisor of 1434 and 6295738?
478
What is the greatest common divisor of 980 and 12128872?
196
Calculate the greatest common divisor of 6875 and 320750.
125
What is the highest common factor of 47733996 and 6?
6
Calculate the highest common divisor of 3322 and 1243924.
22
Calculate the greatest common factor of 8281 and 2599051.
1183
What is the greatest common factor of 4177422 and 4374?
18
What is the highest common factor of 3457599 and 46520?
1163
Calculate the greatest common factor of 72 and 168525.
9
What is the highest common factor of 504 and 16769256?
168
What is the highest common divisor of 10254105 and 195?
15
What is the highest common factor of 2148 and 758602?
358
What is the highest common divisor of 15 and 74196660?
15
What is the greatest common divisor of 1164 and 41466?
6
What is the highest common factor of 214 and 54887683?
107
What is the highest common divisor of 1687413663 and 39?
39
Calculate the greatest common divisor of 1606 and 82077769.
73
What is the greatest common factor of 857475 and 3235?
5
What is the highest common divisor of 4673671 and 10157?
1451
What is the highest common divisor of 336930 and 37840?
110
What is the greatest common factor of 25625623 and 589?
589
Calculate the greatest common factor of 616942160 and 2945.
2945
What is the greatest common divisor of 4647118 and 42?
14
What is the highest common factor of 30436 and 32102?
14
Calculate the greatest common factor of 2884 and 3563594.
206
Calculate the greatest common factor of 26250 and 1399650.
1050
What is the greatest common divisor of 12820902 and 26?
2
Calculate the highest common factor of 161391771 and 6966.
3483
What is the highest common divisor of 24441 and 6561?
3
Calculate the greatest common factor of 1254836985 and 15.
15
What is the highest common factor of 5324 and 293307146?
2662
Calculate the greatest common divisor of 14871774 and 66.
6
Calculate the highest common divisor of 178959005 and 5035.
5035
Calculate the greatest common factor of 26367832 and 22976.
2872
Calculate the highest common divisor of 153481 and 22134.
31
What is the greatest common factor of 6061 and 1888480?
319
What is the highest common divisor of 973 and 2882854996?
973
Calculate the highest common divisor of 1589574 and 322.
14
Calculate the highest common divisor of 207438 and 21714.
462
Calculate the highest common factor of 827382 and 20990568.
11334
What is the greatest common factor of 2644 and 8519629?
661
What is the highest common factor of 12 and 2800756344?
12
Calculate the highest 